what is 20 + 1012120110?
1012120200
In base 9, what is 4 - 6030?
-6025
In base 4, what is -32 - -32102033?
32102001
In base 11, what is -10 - -233?
223
In base 14, what is -499 - 19?
-4b4
In base 2, what is 10011011111 - -100010111?
10111110110
In base 10, what is 10944 - 62?
10882
In base 11, what is -4 - 125103?
-125107
In base 4, what is -23231 + 1032?
-22133
In base 16, what is -2 + db248?
db246
In base 4, what is -1031 + 220013?
212322
In base 8, what is -1042 + -134?
-1176
In base 9, what is 2 - 217320?
-217317
In base 12, what is -189 + -3aa9?
-4076
In base 3, what is 120101100 - -1?
120101101
In base 14, what is 7b + 8081?
811c
In base 14, what is -59 + 11d7?
117c
In base 13, what is -29 - 2c28?
-2c54
In base 8, what is -3732 + -23?
-3755
In base 15, what is 7a247 - -1?
7a248
In base 10, what is 6 + -14198?
-14192
In base 13, what is -15b5 - 2c?
-1614
In base 9, what is -547 + 33?
-514
In base 7, what is 2 + 64342?
64344
In base 16, what is -2e7 + -5c0?
-8a7
In base 15, what is -2828 + -15?
-283d
In base 12, what is 91 + -21a2?
-2111
In base 9, what is 1 - -857823?
857824
In base 16, what is 6c26 - 6?
6c20
In base 3, what is 12 - -112111120?
112111202
In base 12, what is -34 - -2902?
288a
In base 4, what is -120310 - -10230?
-110020
In base 15, what is 5b + 5470?
54cb
In base 2, what is 1000010 + -1110010110?
-1101010100
In base 5, what is 443 - 121400?
-120402
In base 15, what is -54c - -3b6?
-186
In base 8, what is 2017676 + 0?
2017676
In base 16, what is -5 + ae4?
adf
In base 2, what is 10101110 - -110?
10110100
In base 12, what is 11a + 867?
985
In base 3, what is 221 - -222201002?
222202000
In base 9, what is -27430 + 214?
-27215
In base 16, what is 4820 - de?
4742
In base 7, what is 3 - 13455?
-13452
In base 3, what is -10100 + 20201?
10101
In base 13, what is -88781 + 1?
-88780
In base 10, what is 13 + 48245?
48258
In base 4, what is 10 + 2323010331?
2323011001
In base 9, what is -1 + 13621?
13620
In base 7, what is 46 + -222?
-143
In base 16, what is 1039 + -119?
f20
In base 15, what is -107 + 5016?
4e0e
In base 11, what is 151795 - 6?
15178a
In base 9, what is -35 + -880?
-1025
In base 11, what is -5 - -39a6?
39a1
In base 14, what is -12664 - 25?
-12689
In base 8, what is -1 + -26476?
-26477
In base 3, what is -10210020211 - -2?
-10210020202
In base 13, what is -17 + -97bb?
-9805
In base 4, what is -1 - 101130032?
-101130033
In base 5, what is 44 + 1241312?
1241411
In base 14, what is -94 - 219?
-2ad
In base 10, what is -216210 - 3?
-216213
In base 6, what is -254 + 131?
-123
In base 7, what is 3333646 + 1?
3333650
In base 11, what is -455486 - 0?
-455486
In base 5, what is -21 + 11303241?
11303220
In base 6, what is -4251 + -1045?
-5340
In base 12, what is -23423 - 2?
-23425
In base 9, what is -104023 + -38?
-104062
In base 8, what is -403 + 206?
-175
In base 4, what is -211130132 - 120?
-211130312
In base 13, what is 1b + -3bb7?
-3b99
In base 12, what is 6 - -10b322?
10b328
In base 12, what is 88474 + -2?
88472
In base 12, what is 33a13 - 0?
33a13
In base 4, what is 12023003331 + -1?
12023003330
In base 8, what is -55154 + 16?
-55136
In base 6, what is 14101 + -1425?
12232
In base 6, what is 2031135 - 5?
2031130
In base 9, what is 2 + -14285?
-14283
In base 13, what is 476825 - 3?
476822
In base 4, what is -2 + 223001?
222333
In base 10, what is -124129 + 3?
-124126
In base 16, what is -cf - -dbb?
cec
In base 7, what is 363653 - -40?
364023
In base 5, what is 13 - -140421414?
140421432
In base 8, what is 170624 - 0?
170624
In base 4, what is 121333110 + -132?
121332312
In base 3, what is 22212 + 120200121?
121000110
In base 13, what is -132bc + 5?
-132b7
In base 8, what is 3421 - -26?
3447
In base 2, what is -1110001101011010111 + -10?
-1110001101011011001
In base 10, what is -1459 - 3?
-1462
In base 7, what is 10 + 250553?
250563
In base 9, what is 4 + 486?
501
In base 10, what is 1425 - -17?
1442
In base 6, what is -12 - 4221055?
-4221111
In base 15, what is -59 - 1ed7?
-2041
In base 9, what is -303752 + -3?
-303755
In base 8, what is 25705064 - 2?
25705062
In base 15, what is c - -203?
210
In base 16, what is -d + -166?
-173
In base 7, what is -13 - 25310?
-25323
In base 7, what is 45505 - 26?
45446
In base 4, what is 20013 - -321?
21000
In base 11, what is 35a36 + -1?
35a35
In base 11, what is 1 + a02?
a03
In base 3, what is 2200 - 10101210?
-10022010
In base 13, what is 46ba7 + -1?
46ba6
In base 6, what is 131 - -2233?
2404
In base 14, what is 1139 - -151?
128a
In base 16, what is 1 - -164c1?
164c2
In base 5, what is 120342 - 3?
120334
In base 6, what is -15435 + -244?
-20123
In base 6, what is -2 + -44210543?
-44210545
In base 2, what is -10001001111000000011 + -10?
-10001001111000000101
In base 5, what is 2444411 + -2?
2444404
In base 11, what is -217710 - -1?
-21770a
In base 8, what is -44724 + 10?
-44714
In base 11, what is 15aa45 + 3?
15aa48
In base 10, what is 6752 + -83?
6669
In base 9, what is 20 + 723?
743
In base 11, what is 62144 - 3?
62141
In base 4, what is 3000302 - -233?
3001201
In base 15, what is 37 - -3db2?
3de9
In base 2, what is 100100010110100000010 + -1?
100100010110100000001
In base 5, what is 0 - 111331441?
-111331441
In base 16, what is c0 - -210?
2d0
In base 10, what is -399 - 14?
-413
In base 12, what is -151 - -5a?
-b3
In base 8, what is 36351 + 3?
36354
In base 3, what is 1200002 + 110?
1200112
In base 14, what is db963 + 2?
db965
In base 14, what is 32a2 - -2?
32a4
In base 7, what is -161 + 322?
131
In base 12, what is -29a9b0 + 0?
-29a9b0
In base 10, what is -202931 + -8?
-202939
In base 2, what is 111 + 101000001110001101?
101000001110010100
In base 12, what is 979b1 - 2?
979ab
In base 8, what is -3655 - -33?
-3622
In base 5, what is 214223 - -13?
214241
In base 5, what is 313242 + -1344?
311343
In base 3, what is 11 + -222020100102?
-222020100021
In base 8, what is 17 - 22251?
-22232
In base 5, what is 413 - -222042?
223010
In base 13, what is 0 + -b629?
-b629
In base 7, what is -12312 + 2?
-12310
In base 16, what is 2 - 1319?
-1317
In base 4, what is 103 + -22310?
-22201
In base 13, what is 7 + -10c165?
-10c15b
In base 5, what is -40204211 - 3?
-40204214
In base 7, what is -35312 - -602?
-34410
In base 16, what is 10c3 - 4?
10bf
In base 14, what is 525 - 3d6?
12d
In base 15, what is -6a + 23c?
1c2
In base 4, what is -3 + 10102102?
10102033
In base 11, what is -50 + 810?
770
In base 7, what is 2 + 535165?
535200
In base 15, what is 35ca + -2?
35c8
In base 2, what is -11000010 + 10010011010?
1111011000
In base 2, what is 111010 - 11110111?
-10111101
In base 4, what is -1000211320 - -3?
-1000211311
In base 10, what is 759 + 925?
1684
In base 8, what is -2367 + 547?
-1620
In base 6, what is -55301335 - -1?
-55301334
In base 16, what is eda - 60?
e7a
In base 2, what is -11010010 - 111?
-11011001
In base 16, what is 3 + -e0?
-dd
In base 13, what is -51 + 177?
126
In base 5, what is 32 - 31030?
-30443
In base 3, what is 2 - 1002122010?
-1002122001
In base 3, what is 11 - 10211111021?
-10211111010
In base 6, what is -3313010 + 5?
-3313001
In base 8, what is 354 + 141?
515
In base 12, what is -1689 - -407?
-1282
In base 10, what is 75795 + 10?
75805
In base 15, what is -4 + -123e98?
-123e9c
In base 4, what is -112031000 + 111?
-112030223
In base 12, what is 115852 - -5?
115857
In base 16, what is -b77 + -12?
-b89
In base 15, what is 5 + de14?
de19
In base 3, what is 100010212210 + 1?
100010212211
In base 2, what is -1 - 11100101110110?
-11100101110111
In base 4, what is 20 - 1323200313?
-1323200233
In base 11, what is -8 + 5a231?
5a224
In base 15, what is 2e + 3959?
3988
In base 16, what is 1 - e3ee?
-e3ed
In base 16, what is 2727 - 20?
2707
In base 15, what is -2c908 - 4?
-2c90c
In base 15, what is 3 + 2e1d44?
2e1d47
In base 2, what is 111010110 - -11011100101?
100010111011
In base 12, what is -347968 + 4?
-347964
In base 10, what is -31765 - 3?
-31768
In base 11, what is -8 - -101001?
100aa4
In base 2, what is 10001 + 1001001111100111?
1001001111111000
In base 6, what is -1431 - 153?
-2024
In base 6, what is -2202 - 2422?
-5024
In base 6, what is -225 + -5205?
-5434
In base 14, what is -5 + -11b74?
-11b79
In base 2, what is 100010110100111 - 0?
100010110100111
In base 11, what is 2 - 395?